remainder when 46 is divided by u(i)?
14
Suppose 0 = -3*j + 8*j - 15. Let a(f) = -f**2 + 5*f - 4. Let b be a(j). Calculate the remainder when 20 is divided by b + 2 + 3 + 0.
6
Let j = 89 + -64. What is the remainder when j is divided by (-1 - -2)/(4 + 255/(-65))?
12
Let p be ((-24)/14)/(16/(-56)). Suppose -p*z + 24 = -48. Calculate the remainder when 33 is divided by z.
9
Let p be (-3)/(2*2/4). Calculate the remainder when 10 is divided by p/12 - 39/(-12).
1
Let d = 9 + -25. What is the remainder when 46 is divided by (0 - -1)/((-1)/d)?
14
Let j(r) = r - 2. Let w be j(5). Suppose h - 12 = -h + k, -20 = -4*h + w*k. What is the remainder when 21 is divided by h?
5
What is the remainder when 2/7 - (-2436)/49 is divided by 13?
11
What is the remainder when (1*-3)/((6/61)/(-2)) is divided by 33?
28
Let w be 804/27 + (-4)/(-18). Let q be (w/(-9))/(2/(-3)). Suppose -2*c + 2*n + 6 = 0, 2*n = -q*c + 5 + 3. What is the remainder when c is divided by 1?
0
Suppose -2*r = -594 + 206. Suppose 3*z + 47 = r. Calculate the remainder when z is divided by 13.
10
Let j = 34 + -15. Let c = j - 5. What is the remainder when c is divided by 9?
5
Let n(u) = u + 5. Calculate the remainder when 45 is divided by n(3).
5
Suppose 4*w - 86 - 110 = 0. Let i = 10 + 3. What is the remainder when w is divided by i?
10
Suppose -6 + 48 = 3*h. What is the remainder when 53 is divided by h?
11
Let k(o) = -o**2 + 6*o + 4. What is the remainder when k(3) is divided by 8?
5
Let q(c) = 9*c - 12. What is the remainder when q(5) is divided by 12?
9
Let r(q) = q + 9. Let b be r(-6). Suppose b*d + 8 - 47 = 0. Let k(p) = -7*p + 8. Calculate the remainder when k(-6) is divided by d.
11
Let r(y) = 3*y + 42. Calculate the remainder when r(8) is divided by 23.
20
Let s = 175 + -121. Suppose -22 = -3*f + 11. Calculate the remainder when s is divided by f.
10
Let s be (2/2)/1 + -25. Let n be s/(-9) - 1/(-3). Suppose -2*i = n*i - 95. Calculate the remainder when i is divided by 10.
9
Let t be 3*3*(-2)/(-6). Suppose 0 = t*n - 4*n + 41. Let s = n + -21. What is the remainder when 58 is divided by s?
18
Let o(x) = 17*x - 55. Calculate the remainder when o(5) is divided by 9.
3
Let v(z) = z**2 - z. Let d(b) = b**2 - 2*b - 9. What is the remainder when v(-6) is divided by d(-4)?
12
Let a(y) be the third derivative of -1/8*y**4 - 3*y**2 + 1/60*y**5 + 0*y - 5/6*y**3 + 0. Calculate the remainder when 19 is divided by a(5).
4
Let g(q) = q**2 - 3*q - 7. Let m(j) = -2*j - 7. Let v(b) = 3*b + 6. Let s be v(-4). Let t be m(s). What is the remainder when 5 is divided by g(t)?
2
Let d = 2 - 2. Let x be (2 + -3 - d)*-1. What is the remainder when (2/x)/((-2)/(-7)) is divided by 3?
1
Suppose 5*p + 14 = 7*p. Suppose 3*g = p*g + 5*h + 5, -g - h = 0. What is the remainder when 14 is divided by g?
4
Let g be -2*1 + 14 + 11. Suppose r = -0*r + g. What is the remainder when 43 is divided by r?
20
Suppose -3*w + 64 = 226. Let m = -34 - w. What is the remainder when m is divided by 7?
6
Calculate the remainder when 56 is divided by (-84)/(-4) - (1 + 1).
18
Let q = 32 - 16. Calculate the remainder when 52 is divided by q.
4
Let a = -146 + 149. Let z(r) = 3*r - 9. Calculate the remainder when z(6) is divided by a.
0
Let s = 162 - 138. Calculate the remainder when 66 is divided by s.
18
Suppose 0 = -2*p + 4*p - 10. Calculate the remainder when 12 is divided by p.
2
Let m(z) = 5*z**2 + z**3 - z + 0 - 2*z**3 + 2. Let t be m(5). Let u = 12 + t. What is the remainder when 24 is divided by u?
6
Suppose 0 = -6*b + 2*b. Let o = -5 - b. What is the remainder when o*(-2 + 8/10) is divided by 4?
2
Let d(k) = k**3 - 6*k**2 - 6*k + 9. Calculate the remainder when d(7) is divided by 9.
7
Let h(c) = -2 + 5*c + 0 - c. What is the remainder when h(4) is divided by 20/(-6)*(-3)/2?
4
Suppose -59 = -k + 51. Suppose 4*b = -2*o + 2*b + k, -b + 107 = 2*o. Calculate the remainder when o is divided by 18.
16
Let h = -5 - -2. Let w be ((-3)/2)/(h/8). Suppose -q + 7 + w = 0. Calculate the remainder when 21 is divided by q.
10
Let v(n) be the third derivative of -n**4/24 + n**3 - 2*n**2. Let t(m) = 8*m**3 - 1. Calculate the remainder when v(-6) is divided by t(1).
5
Suppose q = -2, o = q - 2*q - 4. What is the remainder when ((-1056)/80)/(o/5) is divided by 9?
6
Let c(a) = 39*a**2 - 3*a - 2. What is the remainder when 78 is divided by c(-1)?
38
Let s(j) = j + 15. Suppose 4*l - l = 177. Calculate the remainder when l is divided by s(0).
14
Let v = 4 + 2. Suppose 39 = -v*d + 9*d. Calculate the remainder when 49 is divided by d.
10
What is the remainder when 37*1 + (16 - 15) is divided by 11?
5
Suppose -5*g + 8*g - 213 = 0. What is the remainder when g is divided by 25?
21
Suppose -2*u - 7*f = -3*f + 88, 0 = 3*u - 4*f + 122. Calculate the remainder when (0 - u/3) + 3 is divided by 6.
5
Let n = -17 + 64. Calculate the remainder when n is divided by 17.
13
What is the remainder when 69 is divided by (3/(-6) + -1)*42/(-9)?
6
Let d = 53 + -38. Suppose -z - 9 = -2*z. Calculate the remainder when d is divided by z.
6
Let f(a) = -2*a. Let t be f(-2). Suppose 4*r + n - 6*n - 39 = 0, 0 = t*r - 3*n - 49. What is the remainder when 47 is divided by r?
15
Suppose 3*x - x + 6 = 3*c, 4*x = -3*c + 6. Let h be (-1)/c - (-9)/6. Calculate the remainder when 5 is divided by (2 - h/2)*2.
2
Suppose -4*t + 3*t + 3 = 0. Suppose 0 = -2*b + 4*l - 14, b + t*b + 2*l = 22. Suppose -b*x = -x - 4. Calculate the remainder when x is divided by 2.
0
Let c be 905/(-30) + (-1)/(-6). Calculate the remainder when c/(-2)*(1 - -2) is divided by 12.
9
Suppose 0 = 5*s - 128 + 33. Let g(y) = -2*y - 7. Let a be g(-9). Let t = -4 + a. What is the remainder when s is divided by t?
5
Let a = 23 - 7. Calculate the remainder when 76 is divided by a.
12
Let o(p) be the third derivative of p**5/60 - p**4/12 + p**3/3 - p**2. Suppose -3*y - 24 = -6*y. Calculate the remainder when y is divided by o(3).
3
What is the remainder when 696/27 - (16/18)/(-4) is divided by ((-4)/3)/((-4)/42)?
12
Let h(a) = 8*a**2 + 2*a + 3. Let x be (-1)/5 + (-70)/25. What is the remainder when h(x) is divided by 18?
15
Suppose 0 = 2*y - y - 15. Let x(n) = n**3 - 12*n**2 - 11*n - 3. Calculate the remainder when x(13) is divided by 10/y + (-22)/(-3).
7
Let a(x) = -x**2 + 5*x + 5. Let k be a(6). Let s be ((3 - -2)*-1)/k. Suppose 0 = s*n - 72 - 78. Calculate the remainder when n is divided by 16.
14
Let i(r) = r**2 + 9*r - 18. Calculate the remainder when i(-13) is divided by 7.
6
Let u(n) = -17*n. Let t = 68 + -3. What is the remainder when t is divided by u(-1)?
14
Suppose -3*z - 5*p = -269, -2*z + 180 = 5*p - p. What is the remainder when z is divided by 18?
16
Suppose 7*r - 9*r = -146. Calculate the remainder when r is divided by 19.
16
Suppose 2*g = 2*x, -4*g - 2*x - 18 = -6. Let n(d) = -d**3 + d - 1. What is the remainder when 9 is divided by n(g)?
4
Let b = -66 + 95. Let g(p) be the first derivative of -9*p**2 - 23*p + 5. Calculate the remainder when g(-6) is divided by b.
27
Calculate the remainder when 62 is divided by 6/(-15) - 42/(-5).
6
Let v(g) = 22*g + 20. What is the remainder when v(3) is divided by 18?
14
Suppose 2244 = -x + 5*x. Suppose -5*m = 86 - x. Calculate the remainder when m is divided by 24.
23
Suppose 5*f + 0*f - 29 = -4*l, -f = -2*l - 17. Suppose -5*m - 4*k + 24 + 8 = 0, 4*k - 20 = -2*m. Calculate the remainder when f is divided by m.
1
Let z(t) = -t**3 - 5*t**2 + 6*t. Let f be z(-6). Suppose -n = -f*n - 37. What is the remainder when n is divided by (-1)/7 + 276/21?
11
Suppose -p + 5*p = -m + 38, 3*p - 15 = 0. What is the remainder when 69 is divided by m?
15
Suppose -2*u = -0*u - 30. Calculate the remainder when 59 is divided by u.
14
Suppose 5*w - 19 = -4*r + 19, w = -3*r + 1. Suppose -145 = -8*z + 87. What is the remainder when z is divided by w?
9
Suppose -q = q - 2*c + 32, 3*c = -5*q - 96. Let l = 39 + q. Calculate the remainder when 60 is divided by l.
18
Suppose 128 = 15*o - 7*o. What is the remainder when 107 is divided by o?
11
Suppose 0 = 23*l - 30*l + 1708. What is the remainder when l is divided by 49?
48
Suppose -5*q = -3*d + 4, 0*d + 5*q - 14 = -3*d. Calculate the remainder when 20 is divided by d.
2
Let x(v) be the first derivative of 3*v**2/2 - 6*v + 1. Let y be x(4). Suppose y*g - 